2 - 12*w - 30. Determine v(-12).
-30
Let i(y) = y**3 - 8*y**2 + 8*y + 1. Determine i(2).
-7
Let h(s) = 21*s - 3. Give h(1).
18
Let o(k) = k**2 - 8*k + 8. Determine o(3).
-7
Let p(w) = -6*w + 1. Calculate p(2).
-11
Let f(y) = 4*y - 86. Calculate f(20).
-6
Let p(i) = -7*i - 15. Calculate p(-4).
13
Let u(k) = 3*k - 12. Calculate u(7).
9
Let f(i) = -i. Give f(-6).
6
Let y(n) = 306*n + 2146. What is y(-7)?
4
Let a(o) = -o**2 + 34*o - 114. Calculate a(30).
6
Let d(a) = 13*a + 548. Give d(-43).
-11
Let s(z) = 2*z**3 + z**2 - z - 3. What is s(-2)?
-13
Let l(x) = x**3 + 4*x**2 - 2*x - 12. Determine l(-4).
-4
Let l(r) = 17*r + 3. Determine l(-6).
-99
Let r(i) = 2*i**2 + i - 106. Determine r(-9).
47
Let x(u) = u**3 + 7*u**2 - 4*u + 32. What is x(-7)?
60
Let m(d) = 6*d**3 - 4*d**2 + 4*d - 2. What is m(2)?
38
Let t(b) = -b**2 - 12*b + 12. What is t(-9)?
39
Let o(z) = -2*z**3 - 26*z**2 - 23*z + 18. Determine o(-12).
6
Let a(h) = -h**2 + 8*h - 4. What is a(5)?
11
Let d(p) = 20*p**2 - 3*p + 1. Give d(1).
18
Let z(v) = v**2 + 13*v - 25. Determine z(2).
5
Let p(v) = -7*v + 47. Calculate p(8).
-9
Let t(r) = 9*r - 3. Give t(2).
15
Let s(o) = o**3 - 12*o**2 + 5*o + 70. Calculate s(11).
4
Let p(h) = 15*h - 21. Give p(6).
69
Let a(u) = -20*u**3 - 2*u**2 - u + 1. Determine a(-1).
20
Let o(w) = 11*w - 137. Give o(12).
-5
Let v(z) = -10*z**3 + z + 1. Give v(-1).
10
Let j(f) = -2*f**3 - 5*f**2 + 4*f + 4. Determine j(-4).
36
Let b(s) = s**2 - 20. Calculate b(-4).
-4
Let m(w) = -97*w + 297. Determine m(3).
6
Let b(u) = -2*u**3 - 13*u**2 + 27*u + 35. Give b(-8).
11
Let z(g) = 2*g**2 + 3*g + 6. Determine z(-6).
60
Let f(l) = 8*l**3 - 1. What is f(1)?
7
Let v(f) = f**3 + 4*f**2 - 16*f - 13. Calculate v(-6).
11
Let n(g) = g + 12. Determine n(-6).
6
Let h(p) = -20*p + 9. Give h(-7).
149
Let w(f) = f**3 + 4*f**2 + f - 5. Calculate w(-5).
-35
Let f(i) = -i**2 + 12*i - 5. Determine f(6).
31
Let n(p) = -p - 47. Calculate n(-19).
-28
Let z(d) = d**3 - 15*d**2 + 16*d - 26. Calculate z(14).
2
Let l(o) = 2*o - 4. Calculate l(-2).
-8
Let k(j) = 5*j**2 - j - 4. Determine k(-3).
44
Let l(c) = c**3 + c**2 - c + 11. Determine l(0).
11
Let s(y) = -4*y + 15. What is s(10)?
-25
Let y(j) = -j**3 + 14*j**2 - 7*j + 18. What is y(14)?
-80
Let k(u) = -10*u + 16. Give k(8).
-64
Let z(g) = 10*g + 7. Determine z(-8).
-73
Let p(c) = c**3 - 7*c**2 - 6. What is p(7)?
-6
Let j(r) = -37*r - 305. What is j(-8)?
-9
Let j(x) = -x**3 - x**2 + x + 6. Calculate j(3).
-27
Let y(l) = 28*l + 10. Give y(-3).
-74
Let a(f) = -f**3 - 8*f**2 + 21*f + 31. What is a(-10)?
21
Let f(l) = l**2 - 15*l - 33. Give f(24).
183
Let z(a) = a**2 + 72. Give z(0).
72
Let b(q) = -9*q**3 + 83*q**2 - 15*q - 24. What is b(9)?
3
Let x(y) = y**2 - 5*y + 4. What is x(7)?
18
Let z(j) = -j - 13. What is z(-21)?
8
Let c(h) = -6*h**2 + h. Give c(1).
-5
Let z(x) = 4*x**2 + 5*x + 7. Give z(-3).
28
Let z(m) = m**2 + 12*m - 9. Give z(-12).
-9
Let j(z) = 3*z**2 - 4*z. Give j(3).
15
Let c(b) = -10*b - 100. Determine c(-9).
-10
Let w(q) = -4*q + 45. Give w(6).
21
Let a(v) = 3*v - 2. Give a(-1).
-5
Let o(q) = -q**2 + 17*q + 70. Determine o(17).
70
Let t(y) = y**3 - 7*y**2 - 10*y + 7. Give t(8).
-9
Let w(t) = -t**2 + 11*t + 36. Calculate w(15).
-24
Let c(n) = 3*n**2 + 30*n - 67. Calculate c(-12).
5
Let p(n) = -n**3 - 3*n**2 - n. Determine p(-5).
55
Let g(o) = 21*o - 4. What is g(1)?
17
Let l(y) = -y**3 + 5*y**2 + 67*y - 2. Give l(11).
9
Let p(f) = f**2 + f - 11. Give p(-5).
9
Let o(j) = 3*j**3 + 3*j**2 + j + 2. Give o(-2).
-12
Let z(p) = -p**3 + 9*p**2 - 5*p - 2. What is z(9)?
-47
Let s(i) = -6*i**3 + 3*i**2 - i. What is s(1)?
-4
Let s(k) = k + 8. Calculate s(-6).
2
Let s(n) = -n**3 - 5*n**2 + 7*n - 9. What is s(-6)?
-15
Let m(r) = -3*r**3 + 277*r**2 + 187*r - 100. What is m(93)?
-7
Let q(h) = -17*h - 6. Calculate q(-2).
28
Let l(z) = -z**2 + 6*z + 4. Calculate l(7).
-3
Let j(x) = -22*x. Give j(1).
-22
Let i(b) = 13*b + 38. Calculate i(-16).
-170
Let k(d) = -2*d**2 + 20*d - 3. What is k(9)?
15
Let t(x) = 3*x**3 + x**2 - x + 2. What is t(-2)?
-16
Let a(u) = -2*u - 8. Give a(4).
-16
Let o(t) = t**3 - 9*t**2 + 4*t + 41. What is o(8)?
9
Let a(u) = -83*u**3 + u**2 - 1. Give a(-1).
83
Let o(j) = j - 9. What is o(-9)?
-18
Let s(l) = 4*l**3 - 4*l - 4. Give s(-3).
-100
Let a(s) = 2*s**2 - 16*s - 9. What is a(9)?
9
Let q(v) = v**2 + 23*v + 16. What is q(-22)?
-6
Let y(u) = -u**3 - 16*u**2 + 17*u + 13. What is y(-17)?
13
Let r(i) = 4*i**2 + 14*i - 5. Determine r(-4).
3
Let i(w) = w**3 - 21*w**2 + 18*w + 39. What is i(20)?
-1
Let q(o) = -4*o + 59. What is q(12)?
11
Let m(j) = -2*j + 12. What is m(5)?
2
Let u(d) = -15*d - 14. Give u(-11).
151
Let f(d) = -d**2 - 12*d - 12. Give f(-9).
15
Let u(v) = -2*v**3 - 2*v**2 + 24*v - 4. Determine u(-4).
-4
Let x(n) = n**3 + 2*n**2 + 3*n + 3. Calculate x(-2).
-3
Let a(l) = 3*l + 16. Determine a(-10).
-14
Let h(p) = -p**3 - 7*p**2 + 4*p + 8. Determine h(-7).
-20
Let g(q) = -q**2 - 15*q - 18. Determine g(-13).
8
Let d(w) = -2*w + 16. What is d(8)?
0
Let v(c) = c**3 + 3*c**2 - 4*c. Calculate v(-3).
12
Let i(l) = l**3 - 9*l**2 + 3*l - 32. What is i(9)?
-5
Let u(c) = c**3 - 6*c**2 - 6*c + 9. Calculate u(6).
-27
Let j(q) = q**3 - 5*q**2 - q - 2. Determine j(5).
-7
Let n(l) = -24*l**2 + 97*l - 10. What is n(4)?
-6
Let w(c) = -10*c + 1. Calculate w(3).
-29
Let h(n) = -2*n**3 + 21*n**2 - 15*n + 32. Give h(10).
-18
Let m(d) = d - 2. Give m(-8).
-10
Let z(o) = o**3 + 2*o**2 - 7*o + 6. Determine z(4).
74
Let k(x) = 13*x + 89. Determine k(-7).
-2
Let t(y) = -10*y + 191. What is t(19)?
1
Let j(r) = r**3 - 8*r**2 + 9*r + 7. Determine j(6).
-11
Let b(o) = -o**2 + 4*o + 16. Calculate b(-3).
-5
Let k(h) = 31*h**3 - 2*h**2 - 4*h + 4. Determine k(1).
29
Let w(n) = 2*n + 37. Give w(-19).
-1
Let v(m) = -m**3 - 6*m**2 - 2*m - 5. Calculate v(-6).
7
Let g(y) = y**2 + 28*y + 194. What is g(-17)?
7
Let k(y) = -12*y + 4. Give k(-1).
16
Let f(a) = -3*a**2 - 4*a + 2. What is f(-3)?
-13
Let b(g) = -g**3 - 18*g**2 - 17*g. Determine b(-17).
0
Let j(h) = -h**2 + 14*h - 6. Give j(0).
-6
Let p(l) = -l**3 - 2*l**2 - 2*l + 4. Determine p(-3).
19
Let w(v) = -v**3 + 14*v**2 - 14*v + 15. Calculate w(13).
2
Let o(z) = -z**3 + 4*z**2 + 2*z + 1. What is o(-3)?
58
Let k(p) = -4*p - 36. What is k(-14)?
20
Let y(d) = 6*d - 77. Give y(0).
-77
Let w(d) = -d**3 - 22*d**2 - 40*d. Determine w(-20).
0
Let x(i) = i**2 - 6. Determine x(6).
30
Let a(t) = -146*t - 293. Determine a(-2).
-1
Let p(w) = -11*w**3 + 4*w**2 - 4*w + 1. Determine p(1).
-10
Let h(c) = 2*c - 13. Determine h(1).
-11
Let a(m) = m**3 - 5*m**2 + m - 4. What is a(4)?
-16
Let z(h) = 10*h + 27. What is z(-3)?
-3
Let f(o) = o - 11. What is f(0)?
-11
Let n(k) = k**2 + 10*k - 33. What is n(-12)?
-9
Let d(u) = -23*u + 50. What is d(0)?
50
Let z(h) = 9*h - 30. Calculate z(4).
6
Let t(x) = -x**3 - x**2 + 4*x - 3. Determine t(1).
-1
Let a(d) = -9*d - 21. Determine a(0).
-21
Let o(g) = -g**3 - 10*g**2 + 24*g. What is o(-12)?
0
Let x(n) = n**3 - 17*n**2 + 15*n + 19. Determine x(16).
3
Let d(v) = v + 4. Determine d(3).
7
Let h(r) = -6*r - 1. Give h(1).
-7
Let f(u) = 3*u**3 - 63*u**2 - 67*u + 34. Give f(22).
12
Let l(r) = -2*r**2 - 52*r. Give l(-27).
-54
Let t(g) = -3*g - 5. Calculate t(0).
-5
Let z(t) = t**2 - 18*t + 16. What is z(17)?
-1
Let o(t) = -t + 29. Determine o(15).
14
Let j(u) = u - 9. Determine j(-3).
-12
Let p(d) = -14*d - 10. Give p(-3).
32
Let b(m) = -m**3 + 8*m**2 + 27*m - 60. Give b(10).
10
Let z(w) = w**3 - 3*w**2 - w - 6. Give z(3).
-9
Let y(s) = s**3 - 8*s**2 + 3*s + 22. What is y(9)?
130
Let u(a) = -3*a - 4. Calculate u(-8).
20
Let a(n) = -n**3 + 7*n**2 + 14*n - 31. What is a(8)?
17
Let b(k) = -k**3 + 8*k**2 - 13*k. What is b(6)?
-6
Let j(y) = y**2 - 13*y - 18. What is j(15)?
12
Let g(l) = -24*l + 21. Give g(6).
-123
Let b(k) = -k**2 + 8*k + 4. Give b(9).
-5
Let b(v) = v**3 + 17*v**2 - 20*v. Give b(-18).
36
Let c(a) = -13*a**2 - 5*a. Determine c(-2).
-42
Let l(r) = 12*r**2. Give l(-1).
12
Let c(v) = 4*v**2 - 8*v - 2. What is c(3)?
10
Let z(c) = 7*c**2 + c + 10. What is z(0)?
10
Let l(a) = a**3 + a**2 - 2*a + 4. Give l(-3).
-8
Let s(k) = 17*k**2 + 7*k + 5. Determine s(-2).
59
Let g(y) = 2*y**2 + 21*y - 33. Determine g(-13).
32
Let i(w) = -111*w - 2. Calculate i(-1).
109
Let w(x) = -2*x + 1. Give w(9).
-1